.
8
Let h(o) = o**2 - 7*o - 8. Determine h(9).
10
Let d(g) = 2*g + 21. What is d(-12)?
-3
Let d(a) = -3*a**3 - 2*a**2 - 4*a - 2. Calculate d(-1).
3
Let q(v) = v**2 - 4. What is q(5)?
21
Let u(t) = t**3 - 26*t**2 + 52*t - 103. Determine u(24).
-7
Let p(u) = u**2 + 8*u + 11. What is p(-4)?
-5
Let l(k) = -k**3 + 3*k**2 - 9*k + 12. Calculate l(4).
-40
Let i(k) = 109*k + 8. Give i(0).
8
Let x(y) = y**2 + y - 5. Calculate x(3).
7
Let j(h) = -h**2 + 4*h + 15. Determine j(6).
3
Let u(j) = j**3 - 2*j**2 - 6*j - 7. Give u(6).
101
Let u(j) = -j**3 + 2*j**2 - 4*j + 2. Give u(2).
-6
Let t(b) = -b**2 - 6*b - 2. Give t(-4).
6
Let m(w) = 29*w + 154. What is m(-5)?
9
Let k(h) = h. Determine k(-1).
-1
Let j(y) = 2*y**2 + y + 3. What is j(-3)?
18
Let h(m) = -m**2 - 3*m + 10. Calculate h(-5).
0
Let v(d) = -d**2 - 4*d + 55. Give v(-9).
10
Let z(r) = r**2 + 14*r - 11. Give z(-11).
-44
Let v(f) = -f**2 + 1. Calculate v(3).
-8
Let d(f) = f**3 + 12*f**2 + 7*f - 36. Determine d(-11).
8
Let j(d) = -6*d**2 + 2*d + 1. Determine j(-1).
-7
Let m(q) = -4*q**2 + 5. What is m(-3)?
-31
Let x(i) = 2*i**3 + 13*i**2 + 4*i + 81. What is x(-7)?
4
Let l(n) = -6*n + 31. Calculate l(5).
1
Let a(u) = u**2 - 8*u - 5. Determine a(8).
-5
Let y(a) = -4*a**3 - 27*a**2 + 7*a + 9. Give y(-7).
9
Let n(o) = 10*o**2 - 1. What is n(1)?
9
Let s(g) = -g**3 + 27*g**2 + 58*g + 19. Determine s(29).
19
Let t(x) = -6*x + 57. Calculate t(7).
15
Let f(g) = -2*g - 21. Determine f(-13).
5
Let p(v) = v**3 - 17*v**2 + 11*v + 33. Give p(16).
-47
Let p(q) = q**3 - 9*q**2 - 4. What is p(9)?
-4
Let i(l) = l**3 + 34*l**2 + 30*l - 94. Give i(-33).
5
Let p(y) = -2*y**2 - 24*y. What is p(-5)?
70
Let h(w) = 30*w**2 - w - 2. Give h(2).
116
Let v(i) = 13*i**2 - 3*i + 3. Calculate v(2).
49
Let t(b) = b**2 - 20*b - 13. Give t(21).
8
Let v(r) = -r**2 - 6*r - 5. Determine v(-5).
0
Let k(b) = -b**2 - 10*b - 15. Calculate k(-7).
6
Let b(w) = 2*w**3 - 11*w + 6. What is b(4)?
90
Let d(g) = -g**2 - 11*g. Calculate d(-12).
-12
Let y(d) = -d**2 + 6*d - 9. What is y(4)?
-1
Let a(y) = y**3 - y**2 - 2*y + 3. Calculate a(-2).
-5
Let q(d) = -d**2 + 5*d + 6. Determine q(-5).
-44
Let g(k) = 2*k - 19. Determine g(6).
-7
Let l(y) = y**3 - 7*y**2 + 3*y + 3. What is l(7)?
24
Let z(j) = -8*j - 28. What is z(-11)?
60
Let q(n) = -33*n + 22. Calculate q(1).
-11
Let w(z) = 4*z**3 - 2*z**2 - 3*z + 3. Determine w(2).
21
Let i(f) = -f**3 + f**2 - 107. Calculate i(0).
-107
Let v(s) = -s**2 - 7*s - 7. Determine v(-7).
-7
Let n(h) = 22*h + 241. Give n(-11).
-1
Let s(i) = -i**3 + 4*i**2 + 2*i - 1. What is s(4)?
7
Let j(m) = 31*m + 331. Determine j(-11).
-10
Let r(f) = f**3 + 5*f**2 + 4*f - 3. Calculate r(-3).
3
Let r(z) = z**2 - 7*z - 17. What is r(10)?
13
Let u(t) = t - 3. Give u(2).
-1
Let t(c) = -c**3 - 3*c**2 + 4*c + 3. Calculate t(2).
-9
Let f(d) = d**3 + 15*d**2 - 13*d + 11. Calculate f(-16).
-37
Let a(m) = m**3 + 11*m**2 - 3*m - 18. Give a(-11).
15
Let h(b) = b + 3. What is h(0)?
3
Let x(a) = 5*a - 13. What is x(3)?
2
Let a(q) = -q**3 + 15*q**2 - 11*q - 47. Determine a(14).
-5
Let d(x) = 102*x - 322. Calculate d(3).
-16
Let c(h) = 3*h**3 - 28*h**2 + 3*h + 20. Determine c(9).
-34
Let g(f) = 8*f**3 + f + 2. Determine g(-1).
-7
Let z(d) = -9*d + 122. Give z(19).
-49
Let t(p) = -6*p - 3. Give t(-3).
15
Let f(u) = -102*u**3 - 2*u**2 + u + 1. Determine f(1).
-102
Let g(q) = -q**2 - 13*q - 1. Determine g(-14).
-15
Let a(k) = k**3 + 5*k**2 - 3*k - 22. Give a(-4).
6
Let d(x) = 8*x + 9. Calculate d(-6).
-39
Let m(f) = 2*f**2 + 5*f - 39. Calculate m(5).
36
Let q(k) = -k**2 + 50. What is q(0)?
50
Let t(b) = -40*b - 113. What is t(-3)?
7
Let j(l) = 63*l - 77. What is j(1)?
-14
Let g(r) = -2*r**3 + 2*r**2 - r + 5. Determine g(2).
-5
Let o(y) = 8*y + 26. What is o(-3)?
2
Let j(b) = b**2 + b - 4. Give j(3).
8
Let r(u) = 27*u - 9. Calculate r(-6).
-171
Let x(m) = -9*m - 1. Give x(-6).
53
Let l(b) = -b**2 - 7*b - 30. What is l(-7)?
-30
Let z(k) = k**2 + 21*k - 589. What is z(16)?
3
Let f(w) = w**3 - 5*w**2 + 12*w - 187. Determine f(7).
-5
Let c(w) = -2*w**3 + 57*w**2 - 29*w - 11. Give c(28).
-39
Let f(d) = -d**2 + 10*d - 8. Determine f(10).
-8
Let h(g) = 12*g**2 + g - 5. Give h(3).
106
Let s(p) = 14*p + 36. What is s(-3)?
-6
Let g(z) = -z**3 + 3*z**2 + 2*z + 3. Calculate g(4).
-5
Let i(j) = -2*j**3 - j**2 + 2*j - 2. Calculate i(-2).
6
Let l(a) = -a**3 + 2*a + 3. Calculate l(2).
-1
Let x(f) = -11*f**2 + 2*f + 1. Determine x(-1).
-12
Let t(k) = k**3 + 27*k**2 + 48*k - 51. Calculate t(-25).
-1
Let v(n) = -24*n**2 + n. What is v(1)?
-23
Let z(o) = -o**3 - 9*o**2 + o + 9. Calculate z(-9).
0
Let o(q) = -q - 5. What is o(-11)?
6
Let n(r) = -r + 8. Give n(-9).
17
Let u(z) = -14*z**2 - 5. Calculate u(-2).
-61
Let r(g) = -g**2 + 9*g - 11. What is r(9)?
-11
Let j(c) = -2*c**2 - 2*c. Give j(-2).
-4
Let m(b) = -5*b**2 - 8*b - 12. Calculate m(-3).
-33
Let z(q) = -q**3 - 8*q**2 - 8*q - 3. Calculate z(-7).
4
Let p(r) = -32*r + 28. Calculate p(1).
-4
Let c(q) = q**2 - 4*q - 9. Give c(7).
12
Let r(a) = -12*a**2 + a - 1. Calculate r(2).
-47
Let t(h) = 4*h**3 - 1. Determine t(2).
31
Let c(n) = -n + 32. Calculate c(30).
2
Let v(t) = -93*t - 634. Determine v(-7).
17
Let p(l) = 4*l - 15. What is p(8)?
17
Let i(m) = 3*m**2 + 21*m + 7. What is i(-6)?
-11
Let a(z) = z**2 + 3*z - 2. Determine a(-2).
-4
Let q(f) = -2*f**2 + 20*f - 11. Give q(11).
-33
Let l(p) = -p**2 - 8*p + 2. Calculate l(-9).
-7
Let m(w) = 3*w**2 - 4*w + 1. Determine m(3).
16
Let y(c) = 2*c + 7. Determine y(-6).
-5
Let m(l) = 22*l + 132. Calculate m(-6).
0
Let q(h) = -14*h + 31. Calculate q(0).
31
Let j(z) = -3*z**2 + 23*z - 27. Give j(7).
-13
Let f(k) = k**2 - 17*k + 36. Determine f(15).
6
Let h(a) = a**3 + 6*a**2 + 9*a + 9. What is h(-6)?
-45
Let h(j) = -14*j + 111. Give h(8).
-1
Let a(z) = z**3 + 15*z**2 - 12*z + 57. Give a(-16).
-7
Let h(m) = 2*m + 6. Calculate h(-1).
4
Let m(r) = 40*r - 29. Give m(3).
91
Let t(k) = k**3 + 5*k**2 - 5*k - 3. What is t(-6)?
-9
Let o(j) = j**3 + 5*j**2 + 5*j + 12. Give o(-5).
-13
Let a(x) = -x**2 + 13*x. Give a(13).
0
Let v(m) = m**3 - 8*m**2 + 12*m - 12. What is v(6)?
-12
Let x(d) = -2*d - 19. Calculate x(-6).
-7
Let j(s) = s**3 - 22*s**2 - 105*s + 24. Give j(26).
-2
Let d(s) = -s**2 + 12*s - 27. Calculate d(11).
-16
Let c(l) = l**2 + 35*l + 147. Determine c(-5).
-3
Let o(x) = -x**3 - 5*x**2 - 6*x - 10. Calculate o(-4).
-2
Let y(h) = 46*h + 2. Calculate y(-1).
-44
Let f(u) = -6*u + 102. Determine f(5).
72
Let a(r) = -18*r + 877. Calculate a(48).
13
Let d(h) = 2*h + 56. Determine d(18).
92
Let x(k) = -k**3 + 5*k**2 + 8*k - 6. Give x(6).
6
Let q(s) = s - 20. Determine q(9).
-11
Let m(x) = -2*x**3 + x**2 - x + 3. Give m(-3).
69
Let g(j) = 9*j**3 + 5*j**2 + 5*j + 2. Determine g(-2).
-60
Let g(p) = 2*p**3 - 10*p**2 + 8*p + 5. Calculate g(4).
5
Let g(p) = -p + 9. Give g(-5).
14
Let d(w) = -w**3 - 24*w**2 + w + 18. What is d(-24)?
-6
Let p(h) = h**2 - 2*h + 7. Calculate p(6).
31
Let g(b) = -2*b**2 + b + 3. Give g(-6).
-75
Let n(s) = 33*s. Give n(-3).
-99
Let t(i) = -i**3 - 11*i**2 - 9*i - 3. Determine t(-10).
-13
Let p(o) = -2*o - 52. What is p(-21)?
-10
Let z(r) = r**3 + 26*r**2 - 31*r - 111. Give z(-27).
-3
Let p(n) = n**3 + 8*n**2 + 7*n - 4. Determine p(-8).
-60
Let n(k) = -5*k**2 - 41*k - 12. Determine n(-8).
-4
Let t(d) = d**2 - 12*d + 37. What is t(11)?
26
Let m(j) = 3*j**3 - 25*j**2 + 47*j - 27. What is m(6)?
3
Let j(d) = -6*d - 18. Calculate j(-6).
18
Let u(n) = -n**3 + 2*n**2 - 3*n + 46. Give u(4).
2
Let u(l) = 6*l - 73. Determine u(2).
-61
Let b(h) = -34*h + 84. Give b(8).
-188
Let r(x) = -x**3 - 7*x**2 + 2*x + 3. Give r(-4).
-53
Let t(h) = -71*h**2 + h. Give t(1).
-70
Let r(n) = 3*n - 154. Determine r(0).
-154
Let w(c) = -6*c**2 - c. Calculate w(-2).
-22
Let t(k) = -4*k**3 - 14*k**2 - 7*k - 7. Calculate t(-3).
-4
Let z(t) = -t**3 - 6*t**2 - 6*t + 3. Calculate z(-5).
8
Let i(y) = y**2 - 2*y - 3. Calculate i(6).
21
Let h(x) = x**3 + 5*x**2 + 16*x + 7. What is h(-3)?
-23
Let d(f) = -42*f + 340. Determine d(8).
4
Let x(r) = 2*r - 21. Give x(10).
-1
Let g(h) = -38*h - 330. What is g(-9)?
12
Let m(w) = 5*w**3 - 2*w**2 - 5. What is m(3)?
112
Let w(l) = l**3 + 32*l**2 + 31*l - 6. What is w(-31)?
-6
Let n(g) = g + 14. What is n(5)?
19
Let c(t) = -2*t**2 - 2*t - 3. Determine c(-1).
-3
Let 